- -51. What is the tens digit of (m + 12)*(-75 + -1)?
7
Suppose 0 = 13*m - 16*m. Suppose m*d = -5*d - l + 122, 2*l + 116 = 5*d. Let s = 44 - d. What is the tens digit of s?
2
Let p be (0 - -5)/(3*(-3)/(-27)). What is the tens digit of 51 - 12/p*(-10)/4?
5
Suppose s - 1 = 4*v, 6*v - 4*v + 2*s - 2 = 0. What is the units digit of 1/3*(v + -3)*-16?
6
Suppose -7 - 5 = -5*v + l, 12 = 4*l. Suppose -2*k = -4*h - 144, -4*k + v*k - 3*h + 57 = 0. What is the units digit of k?
6
Suppose 5 - 14 = 3*d. What is the tens digit of (-76)/(-6) - 1/d?
1
Let r(u) = -u**3 - 6*u**2 - 4*u - 7. Let w be r(-6). Let y = -27 + 38. Let v = w + y. What is the units digit of v?
8
Suppose 12*v + 4*x = 17*v - 5631, 2*x = -4*v + 4484. What is the hundreds digit of v?
1
Let i be (-420)/(-18) - ((-24)/(-9))/(-4). Suppose -5*b = 1 - 21. Suppose 0 = b*n - 6*n + i. What is the tens digit of n?
1
Suppose -3*r + 6*r + 48 = 3*q, -4*r = q + 59. Let y = r - -33. Let v = y + 39. What is the tens digit of v?
5
Suppose -2*u - 688 = -2*h - 6*u, 5*h = -5*u + 1720. What is the units digit of h?
4
Suppose -67 - 17 = 3*d. Let b = -18 - d. What is the units digit of b?
0
What is the units digit of -4 - (-84 + (-2)/8*0)?
0
Suppose 0 = 10*d - 11*d - 4*a + 382, 0 = 4*d + 4*a - 1552. What is the tens digit of d?
9
Suppose a + 3*a - 16 = 0. Let p = a + -29. Let r = p + 42. What is the units digit of r?
7
Let j(r) be the first derivative of -r**2/2 + 45*r - 6. What is the tens digit of j(0)?
4
Let c = -134 - -758. What is the units digit of c?
4
Let w be 134/4 + (-45)/30. Suppose -42 = -2*d + w. What is the tens digit of d?
3
Let s = -11 - -12. Let o be -2 + 2 + s + -141. Let y = -99 - o. What is the units digit of y?
1
What is the hundreds digit of 3 + (-4 - 9 - -483)?
4
Suppose 2688 = r + 3*x, -2672 = -6*r + 5*r + x. What is the tens digit of r?
7
Let y = -1 - -4. Let h be 7*(4 - (6 - y)). Suppose -9 - h = -4*z. What is the units digit of z?
4
Let f = 14 + 1. Suppose f*k - 19*k + 760 = 0. What is the hundreds digit of k?
1
Let q(g) be the third derivative of 13*g**4/24 + g**3/2 + 5*g**2. Let m be q(4). What is the tens digit of -6 + m - (2 - 2)?
4
Let t(p) = -p**3 + 3*p**2 + 9*p + 5. Let m(l) = -l**2 + 10*l - 6. Let d be m(10). What is the hundreds digit of t(d)?
2
Suppose 4*s = 2*j + 376, s = 4*j - j + 89. Let m = -18 + s. Let g = m - 43. What is the tens digit of g?
3
Suppose 5 = 4*i - 11. Let k = i - 0. Suppose 0 = k*o + 15 - 119. What is the units digit of o?
6
Suppose 35*d + 4777 = 52*d. What is the units digit of d?
1
Suppose 2*u - 1 = 7. Let s be (40/(-30))/(u/(-66)). Suppose 2*r - 7*k + 4*k = 30, -s = -2*r + k. What is the units digit of r?
9
Let d be 40/(-5) + 0/3. Let a = d - -26. Suppose b - a = 11. What is the tens digit of b?
2
Let m be (-3 - (0 - 4))*5. Suppose 3*q + m*t + 97 = 0, -q + 2*t + 0 = 25. Let d = 61 + q. What is the units digit of d?
2
Let c(l) be the first derivative of -l**4/4 + 3*l**3 - 3*l**2 - 7*l + 1. Suppose -3499 = -5*x - 3469. What is the tens digit of c(x)?
6
Suppose 4*i - 243 = -39. Let y be (-59)/2 + (-2)/4. Let d = i + y. What is the tens digit of d?
2
What is the units digit of (-1)/(15717/(-7857) + 2) + -6?
3
Suppose 0 = u - 5*k - 4, -3*u = 2*k - 3*k + 44. Let q = -8 - u. Suppose -y + 9 + q = 0. What is the units digit of y?
7
Suppose 5 - 37 = -4*y. Let l = y - 8. Let k(p) = -p**2 + p + 47. What is the tens digit of k(l)?
4
Let k(s) be the third derivative of s**5/20 + 5*s**4/24 - 13*s**3/6 - 3*s**2. Let x be k(-9). Suppose 68 = -3*r + x. What is the units digit of r?
9
Let g(o) be the first derivative of -4*o**2 + 9*o - 2. What is the units digit of g(-10)?
9
Let r be 2*(28/4 + -4). Suppose 11 = -o - f, o + r*f = 4*f - 15. What is the tens digit of (-4)/(o + 3) + 43?
4
Let d(l) = l**3 - 18*l**2 - 31*l + 46. Suppose a + 99 = 5*k, -2*k = 7*a - 4*a - 43. What is the tens digit of d(k)?
2
Suppose -27*s = -31*s + 1188. What is the hundreds digit of s?
2
Let d(t) = -1428*t. Let v(p) = -84*p. Let q(m) = -5*d(m) + 84*v(m). Let c be q(1). Suppose -3*n + c = -0*n. What is the tens digit of n?
2
Let u(i) = 12*i**2 - 2*i + 1. Let s be u(-3). Suppose -2*t + t - 2*j + 29 = 0, 5*j = 5*t - s. What is the tens digit of t?
2
Let s(o) = -o**2 + 7*o + 2. Let i be s(7). Suppose i*p = 2*w + 40, 4*p - 4*w = 2*p + 32. What is the units digit of p?
4
Let h(o) = 23*o + 1 + 0 - 3. What is the tens digit of h(1)?
2
Let b(s) = -s**3. Let j(u) = -4*u**3 - 20*u**2 - 25*u + 32. Let l(k) = -3*b(k) + j(k). What is the units digit of l(-19)?
6
Suppose 3*y + 3 = 5*l - 20, -2*y = 2. Let a = 11 - l. What is the units digit of (3 - (0 + 2))*a?
7
Let g = 420 - 393. Let z be (-4)/6*(-2 + -40). Let x = z + g. What is the units digit of x?
5
Suppose 0*r - r + 7 = 0. Suppose -12*i + r*i = 0. Suppose -3*g + 0*g + 75 = i. What is the tens digit of g?
2
Let c = -23 + 16. Let b(v) = 9*v + 3. Let r(t) = -3*t - 1. Let u(f) = c*r(f) - 2*b(f). What is the units digit of u(3)?
0
Suppose -64*b - 17600 + 167104 = 0. What is the thousands digit of b?
2
Suppose -2*w - 6622 = -13*w. What is the hundreds digit of w?
6
Let r(u) = 9*u**2 + 37*u + 35. What is the hundreds digit of r(-11)?
7
Let s(u) be the third derivative of u**5/60 + 7*u**4/24 + 11*u**3/6 - 4*u**2. What is the tens digit of s(6)?
8
Let a(b) = b**3 - 11*b**2 + 4*b - 15. Let y be (-198)/(-8) + (-9)/(-36). Let d = y + -14. What is the tens digit of a(d)?
2
Let w(k) = 12*k**3 + 3*k - 2. Suppose 0 = -3*o - 5*u + 43, -5*o - 2*u + 62 = -16. Let j = -15 + o. What is the units digit of w(j)?
3
What is the hundreds digit of (-5222)/(-9) + -2*4/36?
5
Let p(r) = -2*r**2 - 18*r - 6. Suppose 18 = -2*b + 6. What is the tens digit of p(b)?
3
Suppose 5*v = -0*v. Let q be v/(2/3*-3). Suppose 0 = 4*o + 4*h - 92, q*o + 4*o - 5*h = 56. What is the units digit of o?
9
Let a(w) = -w**2 + 3*w. Let r be a(2). Let x be (r/(-1))/(7 - 8). Suppose -v + x = -9. What is the tens digit of v?
1
Suppose 5*h + 14 + 1 = 0. What is the tens digit of 4*1/4 + (h - -165)?
6
Suppose -3*q = 15, 3*q + 0*q = 4*t - 351. Let w = 101 + t. What is the hundreds digit of w?
1
What is the thousands digit of (3/(-4))/(-4*(-7)/(-70672))?
1
Let m = -753 + 1603. What is the hundreds digit of m?
8
What is the units digit of -1 + 384 + 3 + -2 + -3?
1
Let a(l) = 2180*l**2 - 2*l - 1. What is the hundreds digit of a(-1)?
1
Let t(h) = 2 + 2*h - 4*h - 6*h - 4. What is the units digit of t(-1)?
6
Suppose 6*k - 7394 - 1624 = 0. What is the tens digit of k?
0
Suppose -2*l + 10 = 0, 5*l = -2*a + 2*l + 803. What is the tens digit of a?
9
Let m = -1127 + 1518. What is the units digit of m?
1
Let h be 0 + 1*-14*-2. Let m = -13 - -15. Suppose m*n - h = n. What is the units digit of n?
8
Let t(o) = 246*o - 62. What is the tens digit of t(2)?
3
Let s = 11 - 5. Let x = s - 8. What is the tens digit of (x/(-4))/(12/360)?
1
Let m(f) = -18*f - 41. Let g(j) = -3*j**2 + 2. Let d be g(2). What is the tens digit of m(d)?
3
Suppose -4*t + 0*t + 5*k + 49 = 0, 0 = 3*t - 5*k - 43. Let n be 14/4 - 9/t. Suppose -n*y - 15 + 49 = 0. What is the units digit of y?
7
What is the tens digit of (-3 - 208/(-20))/((-6)/(-690))?
5
Let o(w) = -w**2 - 6*w + 184. What is the hundreds digit of o(0)?
1
Let y be (-2)/(0 - (-2)/(-3)). Let j = 49 - 2. Suppose -j = -y*h + 16. What is the units digit of h?
1
Let g(i) be the third derivative of 11*i**5/60 + 3*i**4/8 - i**3/6 - 13*i**2 + 2. What is the units digit of g(-5)?
9
What is the hundreds digit of (1496/(-10))/(162/45 + -4)?
3
Let m = 0 - 2. Let q be (-1)/m + (-3)/2. What is the units digit of (-8 + -8)*q/2?
8
Let b(i) be the second derivative of -1/2*i**3 - 1/20*i**5 - 2*i**2 + 1/2*i**4 + 4*i + 0. What is the units digit of b(4)?
6
Let v(k) = 2*k**2 + k - 20. Suppose 0 = 11*x + 61 + 27. What is the tens digit of v(x)?
0
Let j(i) = i**2 + 5*i - 5. Let m be j(-6). Let v be (-4)/((-8)/26)*m. Suppose -v = 4*z - 5*z. What is the tens digit of z?
1
Suppose -2*g = -3*h - 2000, 1945 + 2055 = 4*g + h. What is the units digit of g?
0
Let i be 474/(15/5)*-2. What is the tens digit of (-20)/16 - (-4)/16 - i?
1
Suppose -3*y - 3*k + 675 = 0, 0*k = -3*k. What is the hundreds digit of y?
2
Let b(v) = v - 1. Let p(o) = -5*o + 12. Let c(f) = 6*b(f) + p(f). Let x be c(-12). Let z = x + 7. What is the units digit